its digit of (u/(-15) + -5)*(-10)/(-4)?
6
Let d = -91 + 212. Let x be 574/(-9) + 14/(-63). Let k = x + d. What is the units digit of k?
7
Let g(t) = -480*t**3 + 2*t**2 - 58*t - 122. What is the hundreds digit of g(-2)?
8
Let u = 8330 + -1240. What is the thousands digit of u?
7
Let a be (-29 + 19)/(1/2). What is the units digit of a/6*(-609)/35?
8
Suppose -158*h = -56798 - 55382. What is the tens digit of h?
1
Let c = 725 + -447. Let t = -235 + c. What is the units digit of t?
3
Let c(d) = -d**2 - 49*d + 157. Let o be 2/5*(9 + -86 - 3). What is the tens digit of c(o)?
0
Suppose -f - 3*f + 2*y - 22 = 0, 0 = -2*y + 2. Let l(c) = -c - 21. Let n be l(f). What is the units digit of ((-4)/3)/(n/3732)?
1
Suppose 4*p - 8904 - 30168 = 0. What is the thousands digit of p?
9
Suppose -1752 = -k + 4*k + 3*h, 3*k + 1749 = -4*h. Let w = -63 - k. What is the hundreds digit of w?
5
Suppose 28*g + 14 = 35*g. What is the hundreds digit of g/(-7) + (-17600)/(-56)?
3
Let c(t) = 17*t**2 + 8*t + 7. Suppose -2*r - 11 = r - 5*i, 0 = -3*r - 5*i - 1. What is the tens digit of c(r)?
5
Let g = 40 + -41. Let k be g/(-1 + (-1)/(-2)). Suppose -202 = -k*v - 4*s, 4*v - 432 = s - 2*s. What is the units digit of v?
9
Suppose 0 = 161*l + 217124 - 5963858. What is the ten thousands digit of l?
3
Suppose -5*z = 3*h - 15, 4*z - 16 = -5*h + 9. Suppose z = -2*y - 3*y - 4*c - 765, 4*y + 4*c = -616. Let w = -80 - y. What is the tens digit of w?
6
Let t(w) = 2334*w**2 + 45*w - 256. What is the ten thousands digit of t(4)?
3
Suppose 2*d + 20 = -4*l, 3*d + 5*l + 30 = 4. Let t(q) = -312*q - 2. What is the hundreds digit of t(d)?
6
Let v(h) = 57*h**2 - 10*h + 1. Let w be v(6). Let x = w + -200. What is the units digit of x?
3
Suppose w + 5 = -13*h + 12*h, w = -2*h - 2. What is the tens digit of (w + 0)*-32 + 3/(-1)?
5
What is the thousands digit of 11 - 24 - -15 - -3018?
3
Let x(z) = -13*z - 8. Let t be x(-1). Suppose 2*g + 5*n = 3665, -7*g - t*n = -2*g - 9155. What is the hundreds digit of g?
8
Suppose 4*j - 3*x - 1145 = 0, 0 = 2*j + 3*j + 5*x - 1405. Suppose -3*a + 6 = 0, -5*g - 4*a = -9*g + 8. Suppose -216 = -g*y + j. What is the hundreds digit of y?
1
Let y(k) = -k**2 + 14*k - 27. Let f be y(11). Suppose -22*w + 10133 + 8259 = 0. Suppose -f*p - w = -10*p. What is the hundreds digit of p?
2
Let s(o) = -o**3 - 27*o**2 - 44*o + 15. Let x be s(-27). Let w = x - 854. What is the hundreds digit of w?
3
Suppose 6271 = 2*h - 5*g + 1832, -h + 2224 = -g. What is the units digit of h?
7
Suppose -4*o - 256 - 204 = 0. Let z = o - -360. What is the tens digit of z?
4
Let a be -1484 + (8/10)/(56/(-420)). Let f = a + 2273. What is the units digit of f?
3
Let n(q) = -63*q + 84. Let u = 40 + -47. What is the units digit of n(u)?
5
Let m = -26311 + 46067. What is the thousands digit of m?
9
Suppose -6*w - 39 = -15. What is the tens digit of (w*77)/(-9 + (16 - 8))?
0
Suppose 0 = -22*z + 20*z + 4. Suppose 4*h + 8 = 2*l, 4*h - z*h = 2*l - 12. What is the units digit of 1/((-2)/(l + -2)) - -79?
6
Suppose 0 = -4*c - 2*k + 170828, -c + 33010 = 4*k - 9704. What is the thousands digit of c?
2
Let s(z) be the first derivative of 164*z**3/3 - 5*z**2/2 - 13*z + 72. What is the units digit of s(-2)?
3
Let w(u) = u**2 + 17*u - 73. Suppose 26*m = 12*m + 266. What is the hundreds digit of w(m)?
6
Suppose -25*q + 3808 = 9*q. Let y be 138/(-4) + (-1)/2. Let l = q + y. What is the units digit of l?
7
Suppose k - 4*k + 4*t + 9 = 0, 13 = k + 2*t. Let g = k + 48. What is the units digit of (11/(g/(-210)))/(-1)?
2
Let k = 4294 + 316. What is the hundreds digit of k?
6
Suppose -2*t = 12*n - 13*n + 394, -t = -n + 393. Let m = n + -275. What is the tens digit of m?
1
Let r = -3085 - -4793. What is the hundreds digit of r?
7
Suppose 24 = -2*n + 3*n. Let j(c) = -32*c + 308. Let q be j(10). Let u = n + q. What is the tens digit of u?
1
Let a(b) = -2*b + 1. Let u(h) = -2*h**3 - 2*h**2 + h + 1. Let r be u(-2). Let y be a(r). What is the tens digit of 1 - -1 - (y - 69)?
8
Let i(j) = j**2 - 18*j - 91. Let a be i(23). What is the hundreds digit of 291*-4*(-3)/a*2?
2
Let m(b) = 114*b + 128. Suppose 0 = 4*o - 4*q - 32, -3*q + 3 = o - 21. What is the tens digit of m(o)?
9
Suppose 414 = -43*z + 44*z. Suppose 934 = 4*s - z. What is the hundreds digit of s?
3
Let q(d) = 84*d**2 + d - 560. What is the tens digit of q(21)?
0
Suppose -3*a = 9, -4*v = -5*a + 10239 - 1550. What is the tens digit of v/(-2)*((-231)/22 + 11)?
4
Suppose -301*g = 194*g - 77*g - 2838220. What is the thousands digit of g?
6
Suppose w - 745 = -2*q - 2*w, -2199 = -6*q + 3*w. What is the tens digit of q?
6
Suppose 13*a - 9 = -35. What is the units digit of (-102)/(-170)*(a/(-2) + 1369)?
2
Let s = -69 + 69. Suppose s = 5*h + 99 - 189. Suppose -h*j = -25*j + 1666. What is the units digit of j?
8
Suppose -3*c + 25 = 7*i - 3*i, 4*i = -c + 11. Suppose -2*y + c*y + 676 = 2*v, -y = 5*v - 1717. What is the units digit of v?
3
Let q(i) = i**2 - 4*i + 4. Let x be q(7). Let h = x + -23. What is the tens digit of 6/(-2) + (1 - h - -178)?
7
Suppose 5*i - 15 = -5*j, 2*i + 2*i = 2*j + 6. Let z(k) = 3*k + i + k - 6*k - k. What is the units digit of z(-19)?
9
Suppose i - 4*c - 20 = 0, 4*i - 46 = -c - 0. Let m(y) = -4*y + 1. Let s(w) = w. Let p(f) = -m(f) + 3*s(f). What is the tens digit of p(i)?
8
Let m be ((-32)/(-3))/8*-18. What is the tens digit of (-10134)/m - (-10)/(-8)?
2
Suppose -68 = -5*x + 52. Let f(p) = -56*p**2 - 228*p - 226. Let m be f(-1). Let z = x - m. What is the tens digit of z?
7
Let x = 86336 + -33098. What is the units digit of x?
8
What is the units digit of -18 + 5 - -5382 - 11?
8
Suppose 2*s = 4*s + 2*m - 6, 5*s - 2*m = 22. What is the hundreds digit of 3/(3525/879 - s)?
2
Let l(p) = 7*p - 31. Let n be 94/14 + 3 + (-57)/21. Let r be l(n). Suppose -x + r = 6. What is the units digit of x?
2
Let j = -1773 + 4773. What is the hundreds digit of j?
0
Suppose -14*h = -19*h + p + 30847, -4*p = -5*h + 30853. What is the tens digit of h?
6
Let o(n) = 34*n + 311. Let i be o(-9). What is the tens digit of (-38)/190 + 1*151/i?
3
Let x be (-48)/30*825/(-6). Let j be 1580/x - (48/22 + -2). Suppose -1000 = -j*y - y. What is the hundreds digit of y?
1
Suppose u - 5 = -1. Let f(k) = -133*k - 1. Let b be f(-2). Suppose u*q + 13 = b. What is the tens digit of q?
6
What is the units digit of (-12 + -4 + 33)*117?
9
Let h be 5/(-1) - (-2847)/(-13). Let k = h - -523. What is the hundreds digit of k?
2
Suppose 0 = -932*z + 783*z + 5914704. What is the units digit of z?
6
Suppose -13 - 19 = 4*b. Let p be (-2252)/b + (-3)/(-6). Let k = -162 + p. What is the units digit of k?
0
Suppose l = 8*d - 5*d + 20, 3*d = 2*l - 25. Suppose 2*u = -2*z + 172, 4*z + l*u - 4*u - 341 = 0. What is the tens digit of z?
8
Let y be 5 + -3 + -2 - -90*4. Let h = 649 - y. What is the units digit of h?
9
Let o = 18136 + -1385. What is the thousands digit of o?
6
Let l = -6549 + 20125. What is the units digit of l?
6
Let d(g) be the third derivative of g**6/120 + 2*g**5/15 + g**4/4 - 2*g**3/3 - 8*g**2. Let m be d(-7). What is the tens digit of m/(3 - (-45)/(-6))*-240?
6
Let y(d) = 225*d**2. Let q be y(-1). Let k = -68 - -153. Let i = q - k. What is the tens digit of i?
4
Suppose -v + 5*m + 304 = 0, 2*m = -v - 0*v + 290. Let i = -168 + v. What is the units digit of 424/(-14)*i/(-36)?
6
Let n(f) = 372*f**2 + 5*f - 7. Let b be n(-7). Suppose -b = -52*k + 38*k. What is the units digit of k?
9
Let a(r) = 2581*r - 6846. What is the thousands digit of a(19)?
2
What is the hundreds digit of (-146335)/(-10)*8*(-2)/(-28)?
3
Let o(g) = 5*g + 69 - 4*g + g - 80 + g**2. Let a be o(-4). What is the units digit of 8/a + 2 + (-1820)/(-12)?
1
Let j be ((-270)/(-7))/(18/84). Suppose 2*a - j = -892. What is the units digit of -4*(a/8 - -2)/2?
5
Let i = 148 + 682. Suppose -4*h - 4*p = -1080, 3*h - 4*p + 3*p = i. What is the tens digit of h?
7
What is the hundreds digit of 1121 + (-15)/(-5) + (10 - 3)?
1
Let j(s) = -6*s**3 - 4*s**2 + 5*s + 5. Let o be j(-3). Suppose -4*g - 192 = -4*l, 121 + o = 4*l + 5*g. Let i = l - 28. What is the tens digit of i?
2
Let f(u) = -u**3 - u**2 - u - 1554. Let y be f(0). Let n = -929 - y. What is the tens digit of n?
2
Let l = -3371 - -1286. What is the units digit of 0 - 10/(50/l)?
7
Suppose -2*q = -5*i + 